{"id":3851,"date":"2021-04-24T16:39:23","date_gmt":"2021-04-24T14:39:23","guid":{"rendered":"http:\/\/joshin.eu\/word\/?page_id=3851"},"modified":"2025-10-05T19:17:22","modified_gmt":"2025-10-05T17:17:22","slug":"les-armes-etudiees","status":"publish","type":"page","link":"https:\/\/joshin.eu\/word\/index.php\/les-armes-etudiees\/","title":{"rendered":"Les armes \u00e9tudi\u00e9es"},"content":{"rendered":"<div class=\"wp-block-image is-style-rounded\">\r\n<figure class=\"aligncenter size-large\"><img decoding=\"async\" width=\"1024\" height=\"44\" class=\"wp-image-3899\" src=\"https:\/\/joshin.eu\/word\/wp-content\/uploads\/2021\/04\/joshin-dojo-titre-2-1024x44.jpg\" alt=\"\" srcset=\"https:\/\/joshin.eu\/word\/wp-content\/uploads\/2021\/04\/joshin-dojo-titre-2-1024x44.jpg 1024w, https:\/\/joshin.eu\/word\/wp-content\/uploads\/2021\/04\/joshin-dojo-titre-2-300x13.jpg 300w, https:\/\/joshin.eu\/word\/wp-content\/uploads\/2021\/04\/joshin-dojo-titre-2-768x33.jpg 768w, https:\/\/joshin.eu\/word\/wp-content\/uploads\/2021\/04\/joshin-dojo-titre-2-1536x66.jpg 1536w, https:\/\/joshin.eu\/word\/wp-content\/uploads\/2021\/04\/joshin-dojo-titre-2-2048x88.jpg 2048w\" sizes=\"(max-width: 1024px) 100vw, 1024px\" \/><\/figure>\r\n<\/div>\r\n\r\n<div class=\"wp-block-image\">\r\n<figure class=\"aligncenter size-large is-resized\"><img decoding=\"async\" class=\"wp-image-124\" src=\"https:\/\/joshin.eu\/word\/wp-content\/uploads\/2019\/04\/225-1024x770.png\" alt=\"\" width=\"95\" height=\"70\" srcset=\"https:\/\/joshin.eu\/word\/wp-content\/uploads\/2019\/04\/225-1024x770.png 1024w, https:\/\/joshin.eu\/word\/wp-content\/uploads\/2019\/04\/225-300x225.png 300w, https:\/\/joshin.eu\/word\/wp-content\/uploads\/2019\/04\/225-768x577.png 768w, https:\/\/joshin.eu\/word\/wp-content\/uploads\/2019\/04\/225-399x300.png 399w, https:\/\/joshin.eu\/word\/wp-content\/uploads\/2019\/04\/225.png 1461w\" sizes=\"(max-width: 95px) 100vw, 95px\" \/><\/figure>\r\n<\/div>\r\n<table style=\"border-collapse: collapse; width: 100%; height: 141px;\">\r\n<tbody>\r\n<tr style=\"height: 72px;\">\r\n<td style=\"width: 30.4762%; height: 72px; vertical-align: middle;\" rowspan=\"2\">\r\n<p><img fetchpriority=\"high\" decoding=\"async\" class=\"aligncenter  wp-image-574\" src=\"https:\/\/joshin.eu\/word\/wp-content\/uploads\/2019\/09\/YoshiSam06.jpg\" alt=\"\" width=\"200\" height=\"293\" srcset=\"https:\/\/joshin.eu\/word\/wp-content\/uploads\/2019\/09\/YoshiSam06.jpg 498w, https:\/\/joshin.eu\/word\/wp-content\/uploads\/2019\/09\/YoshiSam06-205x300.jpg 205w\" sizes=\"(max-width: 200px) 100vw, 200px\" \/><\/p>\r\n<p><img loading=\"lazy\" decoding=\"async\" class=\"aligncenter  wp-image-2296\" src=\"https:\/\/joshin.eu\/word\/wp-content\/uploads\/2019\/12\/Yoshitoshi3-e1619709455232.jpg\" alt=\"\" width=\"200\" height=\"300\" srcset=\"https:\/\/joshin.eu\/word\/wp-content\/uploads\/2019\/12\/Yoshitoshi3-e1619709455232.jpg 512w, https:\/\/joshin.eu\/word\/wp-content\/uploads\/2019\/12\/Yoshitoshi3-e1619709455232-200x300.jpg 200w\" sizes=\"(max-width: 200px) 100vw, 200px\" \/><\/p>\r\n<\/td>\r\n<td style=\"width: 39.9999%; height: 72px;\"><img loading=\"lazy\" decoding=\"async\" class=\"aligncenter size-full wp-image-621\" src=\"https:\/\/joshin.eu\/word\/wp-content\/uploads\/2019\/09\/jobo2.gif\" alt=\"\" width=\"331\" height=\"83\" \/><\/td>\r\n<td style=\"width: 29.5238%; height: 72px; vertical-align: middle;\" rowspan=\"2\">\r\n<p><img loading=\"lazy\" decoding=\"async\" class=\"aligncenter  wp-image-575\" src=\"https:\/\/joshin.eu\/word\/wp-content\/uploads\/2019\/09\/YoshiSam02.jpg\" alt=\"\" width=\"200\" height=\"296\" srcset=\"https:\/\/joshin.eu\/word\/wp-content\/uploads\/2019\/09\/YoshiSam02.jpg 493w, https:\/\/joshin.eu\/word\/wp-content\/uploads\/2019\/09\/YoshiSam02-203x300.jpg 203w\" sizes=\"(max-width: 200px) 100vw, 200px\" \/><\/p>\r\n<p><img loading=\"lazy\" decoding=\"async\" class=\"aligncenter  wp-image-470\" src=\"https:\/\/joshin.eu\/word\/wp-content\/uploads\/2019\/09\/022.jpg\" alt=\"\" width=\"200\" height=\"291\" srcset=\"https:\/\/joshin.eu\/word\/wp-content\/uploads\/2019\/09\/022.jpg 412w, https:\/\/joshin.eu\/word\/wp-content\/uploads\/2019\/09\/022-206x300.jpg 206w\" sizes=\"(max-width: 200px) 100vw, 200px\" \/><\/p>\r\n<\/td>\r\n<\/tr>\r\n<tr style=\"height: 23px;\">\r\n<td style=\"width: 39.9999%; height: 23px;\">\r\n<p style=\"text-align: center;\"><span style=\"font-family: verdana, geneva, sans-serif;\">L&rsquo;\u00e9tude de Shinto Muso Ryu commence par le maniement du b\u00e2ton (Jo).<br \/>Seul dans un premier temps (kihon tandoku) pour l&rsquo;apprentissage des formes de base .<br \/>Puis face au sabre d&rsquo;un partenaire (kihon sota\u00ef).<\/span><\/p>\r\n<p style=\"text-align: center;\"><span style=\"font-family: verdana, geneva, sans-serif;\"><img loading=\"lazy\" decoding=\"async\" class=\"aligncenter size-full wp-image-123\" src=\"https:\/\/joshin.eu\/word\/wp-content\/uploads\/2019\/04\/mon.gif\" alt=\"\" width=\"21\" height=\"20\" \/><img loading=\"lazy\" decoding=\"async\" class=\"aligncenter  wp-image-703\" src=\"https:\/\/joshin.eu\/word\/wp-content\/uploads\/2019\/09\/IMG_1324.jpg\" alt=\"jo\" width=\"353\" height=\"72\" srcset=\"https:\/\/joshin.eu\/word\/wp-content\/uploads\/2019\/09\/IMG_1324.jpg 640w, https:\/\/joshin.eu\/word\/wp-content\/uploads\/2019\/09\/IMG_1324-300x61.jpg 300w\" sizes=\"(max-width: 353px) 100vw, 353px\" \/><span style=\"font-size: 14px;\"><em>le Jo mesure 1,28m et environ 2,6cm de diam\u00e8tre<\/em><\/span><\/span><img loading=\"lazy\" decoding=\"async\" class=\"aligncenter size-full wp-image-123\" src=\"https:\/\/joshin.eu\/word\/wp-content\/uploads\/2019\/04\/mon.gif\" alt=\"\" width=\"21\" height=\"20\" \/><\/p>\r\n<p style=\"text-align: center;\"><span style=\"font-family: verdana, geneva, sans-serif;\">La pratique du boken sera introduite parall\u00e8lement par les notions de \u00ab\u00a0coupe\u00a0\u00bb: Shomen, Kesa, Yokomen, Yokoguruma&#8230; puis dans les kihon sota\u00ef qui se pratiquent des deux cot\u00e9s <span style=\"color: #800000;\"><a style=\"color: #800000;\" title=\"la relation Shidachi\/Uchidachi par Nishioka Sense\u00ef\" href=\"https:\/\/joshin.eu\/word\/index.php\/des-ecrits\/\" target=\"_blank\" rel=\"noopener\"><span style=\"background-color: #800000;\"><span style=\"background-color: #ffffff;\">Shidachi (Jo) et Uchidachi (Boken)<\/span><\/span><\/a><\/span><span style=\"background-color: #ffffff;\">.<br \/><\/span><br \/><\/span><span style=\"font-family: verdana, geneva, sans-serif;\"><img loading=\"lazy\" decoding=\"async\" class=\" wp-image-700 alignnone\" src=\"https:\/\/joshin.eu\/word\/wp-content\/uploads\/2019\/09\/bokken.jpg\" alt=\"\" width=\"324\" height=\"109\" srcset=\"https:\/\/joshin.eu\/word\/wp-content\/uploads\/2019\/09\/bokken.jpg 2016w, https:\/\/joshin.eu\/word\/wp-content\/uploads\/2019\/09\/bokken-300x101.jpg 300w, https:\/\/joshin.eu\/word\/wp-content\/uploads\/2019\/09\/bokken-768x258.jpg 768w, https:\/\/joshin.eu\/word\/wp-content\/uploads\/2019\/09\/bokken-1024x344.jpg 1024w\" sizes=\"(max-width: 324px) 100vw, 324px\" \/><\/span><br \/><em><span style=\"font-family: verdana, geneva, sans-serif; font-size: 14px;\">Le boken et sa saya en plastique.<br \/>La tsuba est la garde du sabre (en cuir ou plastique). La lame mesure environ 70cm. La poign\u00e9e mesure 26cm<br \/><img loading=\"lazy\" decoding=\"async\" class=\"aligncenter size-full wp-image-123\" src=\"https:\/\/joshin.eu\/word\/wp-content\/uploads\/2019\/04\/mon.gif\" alt=\"\" width=\"21\" height=\"20\" \/><\/span><\/em><\/p>\r\n<p style=\"text-align: center;\"><span style=\"font-family: verdana, geneva, sans-serif;\">L&rsquo;utilisation du kodachi (petit sabre) sera introduite au fur et \u00e0 mesure des diff\u00e9rentes s\u00e9ries de kata. Il sera aussi utilis\u00e9 dans l&rsquo;\u00e9tude de Shinto Ryu Kenjutsu (\u00e9cole de sabre)<\/span><\/p>\r\n<p style=\"text-align: center;\"><img loading=\"lazy\" decoding=\"async\" class=\"aligncenter  wp-image-2114\" src=\"https:\/\/joshin.eu\/word\/wp-content\/uploads\/2019\/11\/IMG_1520.jpg\" alt=\"\" width=\"281\" height=\"104\" srcset=\"https:\/\/joshin.eu\/word\/wp-content\/uploads\/2019\/11\/IMG_1520.jpg 606w, https:\/\/joshin.eu\/word\/wp-content\/uploads\/2019\/11\/IMG_1520-300x111.jpg 300w\" sizes=\"(max-width: 281px) 100vw, 281px\" \/><span style=\"font-size: 14px;\"><em><span style=\"font-family: verdana, geneva, sans-serif;\">le kodachi<\/span><\/em><\/span><em><span style=\"font-family: verdana, geneva, sans-serif; font-size: 14px;\"><img loading=\"lazy\" decoding=\"async\" class=\"aligncenter size-full wp-image-123\" src=\"https:\/\/joshin.eu\/word\/wp-content\/uploads\/2019\/04\/mon.gif\" alt=\"\" width=\"21\" height=\"20\" \/><\/span><\/em><\/p>\r\n<p style=\"text-align: center;\"><span style=\"font-family: verdana, geneva, sans-serif;\">Apr\u00e8s l&rsquo;assimilation des premi\u00e8res s\u00e9ries de kata de Jodo, l&rsquo;\u00e9cole propose une s\u00e9rie au Tanjo de Uchida Ryu Tanjojutsu<\/span><\/p>\r\n<p style=\"text-align: center;\"><img loading=\"lazy\" decoding=\"async\" class=\"aligncenter  wp-image-702\" src=\"https:\/\/joshin.eu\/word\/wp-content\/uploads\/2019\/09\/IMG_1323.jpg\" alt=\"\" width=\"295\" height=\"77\" srcset=\"https:\/\/joshin.eu\/word\/wp-content\/uploads\/2019\/09\/IMG_1323.jpg 640w, https:\/\/joshin.eu\/word\/wp-content\/uploads\/2019\/09\/IMG_1323-300x79.jpg 300w\" sizes=\"(max-width: 295px) 100vw, 295px\" \/><em><span style=\"font-family: verdana, geneva, sans-serif; font-size: 14px;\">Le Tanjo (de 80 \u00e0 90cm)<\/span><\/em><\/p>\r\n<p style=\"text-align: center;\"><em><span style=\"font-family: verdana, geneva, sans-serif; font-size: 14px;\"><img loading=\"lazy\" decoding=\"async\" class=\"aligncenter size-full wp-image-123\" src=\"https:\/\/joshin.eu\/word\/wp-content\/uploads\/2019\/04\/mon.gif\" alt=\"\" width=\"21\" height=\"20\" \/><\/span><\/em><\/p>\r\n<p style=\"text-align: center;\"><span style=\"font-family: verdana, geneva, sans-serif;\">Par la suite, pour les pratiquants avanc\u00e9s, il sera propos\u00e9 l&rsquo;\u00e9tude des armes parall\u00e8les:<\/span><\/p>\r\n<ul style=\"list-style-type: disc;\">\r\n<li style=\"text-align: center;\"><span style=\"font-family: verdana, geneva, sans-serif;\"> Le kusarigama \u00e0 travers l&rsquo;\u00e9tude d&rsquo;Isshin Ryu Kusarigamajutsu (l&rsquo;art de la faucille)<\/span><\/li>\r\n<\/ul>\r\n<p><img loading=\"lazy\" decoding=\"async\" class=\"aligncenter size-full wp-image-697\" src=\"https:\/\/joshin.eu\/word\/wp-content\/uploads\/2019\/09\/kusarigama.jpg\" alt=\"\" width=\"250\" height=\"205\" \/><\/p>\r\n<p style=\"text-align: center;\"><span style=\"font-family: verdana, geneva, sans-serif; font-size: 14px;\"><em>Le Kusarigama <\/em><\/span><br \/><span style=\"font-family: verdana, geneva, sans-serif; font-size: 14px;\"><em>(Une faucille et un poids au bout d&rsquo;une chaine d&rsquo;environ 4m)<\/em><\/span><\/p>\r\n<p><img loading=\"lazy\" decoding=\"async\" class=\"aligncenter size-full wp-image-123\" src=\"https:\/\/joshin.eu\/word\/wp-content\/uploads\/2019\/04\/mon.gif\" alt=\"\" width=\"21\" height=\"20\" \/><\/p>\r\n<ul>\r\n<li style=\"text-align: center;\"><span style=\"font-family: verdana, geneva, sans-serif;\">Le Jutte via Ikkaku Ryu Juttejutsu\u00a0 (l&rsquo;art de la dague)<\/span><\/li>\r\n<\/ul>\r\n<p style=\"text-align: center;\"><img loading=\"lazy\" decoding=\"async\" class=\"aligncenter  wp-image-696\" src=\"https:\/\/joshin.eu\/word\/wp-content\/uploads\/2019\/09\/jutte2.jpg\" alt=\"\" width=\"267\" height=\"73\" srcset=\"https:\/\/joshin.eu\/word\/wp-content\/uploads\/2019\/09\/jutte2.jpg 1186w, https:\/\/joshin.eu\/word\/wp-content\/uploads\/2019\/09\/jutte2-300x82.jpg 300w, https:\/\/joshin.eu\/word\/wp-content\/uploads\/2019\/09\/jutte2-768x210.jpg 768w, https:\/\/joshin.eu\/word\/wp-content\/uploads\/2019\/09\/jutte2-1024x281.jpg 1024w, https:\/\/joshin.eu\/word\/wp-content\/uploads\/2019\/09\/jutte2-1170x325.jpg 1170w\" sizes=\"(max-width: 267px) 100vw, 267px\" \/><em><span style=\"font-family: verdana, geneva, sans-serif; font-size: 14px;\">le Jutte (\u00ab\u00a0dix main\u00a0\u00bb)<br \/><span style=\"font-size: 16px;\">une sorte de dague munie d&rsquo;un crochet pour saisir et bloquer le sabre<\/span><br \/><\/span><\/em><\/p>\r\n<p style=\"text-align: center;\"><em><span style=\"font-family: verdana, geneva, sans-serif; font-size: 14px;\"><img loading=\"lazy\" decoding=\"async\" class=\"aligncenter size-full wp-image-123\" src=\"https:\/\/joshin.eu\/word\/wp-content\/uploads\/2019\/04\/mon.gif\" alt=\"\" width=\"21\" height=\"20\" \/><\/span><\/em><\/p>\r\n<\/td>\r\n<\/tr>\r\n<\/tbody>\r\n<\/table>\r\n<div class=\"wp-block-image\">\r\n<figure class=\"aligncenter size-large\"><img loading=\"lazy\" decoding=\"async\" width=\"85\" height=\"21\" class=\"wp-image-339\" src=\"https:\/\/joshin.eu\/word\/wp-content\/uploads\/2019\/08\/introf-1.gif\" alt=\"\" \/><\/figure>\r\n<\/div>\r\n\r\n<div class=\"wp-block-image is-style-rounded\">\r\n<figure class=\"aligncenter size-full\"><img loading=\"lazy\" decoding=\"async\" width=\"1010\" height=\"40\" class=\"wp-image-4766\" src=\"https:\/\/joshin.eu\/word\/wp-content\/uploads\/2023\/06\/smr.jpg\" alt=\"\" srcset=\"https:\/\/joshin.eu\/word\/wp-content\/uploads\/2023\/06\/smr.jpg 1010w, https:\/\/joshin.eu\/word\/wp-content\/uploads\/2023\/06\/smr-300x12.jpg 300w, https:\/\/joshin.eu\/word\/wp-content\/uploads\/2023\/06\/smr-768x30.jpg 768w\" sizes=\"(max-width: 1010px) 100vw, 1010px\" \/><\/figure>\r\n<\/div>","protected":false},"excerpt":{"rendered":"<p>L&rsquo;\u00e9tude de Shinto Muso Ryu commence par le maniement du b\u00e2ton (Jo).Seul dans un premier temps (kihon tandoku) pour l&rsquo;apprentissage des formes de base .Puis face au sabre d&rsquo;un partenaire (kihon sota\u00ef). le Jo mesure 1,28m et environ 2,6cm de diam\u00e8tre La pratique du boken sera introduite parall\u00e8lement par les notions de \u00ab\u00a0coupe\u00a0\u00bb: Shomen, Kesa, [&hellip;]<\/p>\n","protected":false},"author":1,"featured_media":3760,"parent":0,"menu_order":0,"comment_status":"closed","ping_status":"closed","template":"","meta":{"_crdt_document":"","footnotes":""},"class_list":["post-3851","page","type-page","status-publish","has-post-thumbnail","hentry"],"_links":{"self":[{"href":"https:\/\/joshin.eu\/word\/index.php\/wp-json\/wp\/v2\/pages\/3851","targetHints":{"allow":["GET"]}}],"collection":[{"href":"https:\/\/joshin.eu\/word\/index.php\/wp-json\/wp\/v2\/pages"}],"about":[{"href":"https:\/\/joshin.eu\/word\/index.php\/wp-json\/wp\/v2\/types\/page"}],"author":[{"embeddable":true,"href":"https:\/\/joshin.eu\/word\/index.php\/wp-json\/wp\/v2\/users\/1"}],"replies":[{"embeddable":true,"href":"https:\/\/joshin.eu\/word\/index.php\/wp-json\/wp\/v2\/comments?post=3851"}],"version-history":[{"count":38,"href":"https:\/\/joshin.eu\/word\/index.php\/wp-json\/wp\/v2\/pages\/3851\/revisions"}],"predecessor-version":[{"id":5567,"href":"https:\/\/joshin.eu\/word\/index.php\/wp-json\/wp\/v2\/pages\/3851\/revisions\/5567"}],"wp:featuredmedia":[{"embeddable":true,"href":"https:\/\/joshin.eu\/word\/index.php\/wp-json\/wp\/v2\/media\/3760"}],"wp:attachment":[{"href":"https:\/\/joshin.eu\/word\/index.php\/wp-json\/wp\/v2\/media?parent=3851"}],"curies":[{"name":"wp","href":"https:\/\/api.w.org\/{rel}","templated":true}]}}