{"id":3315,"date":"2020-11-17T16:26:06","date_gmt":"2020-11-17T15:26:06","guid":{"rendered":"http:\/\/joshin.eu\/word\/?page_id=3315"},"modified":"2023-09-26T19:35:58","modified_gmt":"2023-09-26T17:35:58","slug":"contes","status":"publish","type":"page","link":"https:\/\/joshin.eu\/word\/index.php\/contes\/","title":{"rendered":"Contes"},"content":{"rendered":"<div class=\"wp-block-image is-style-rounded\">\n<figure class=\"aligncenter size-large\"><img decoding=\"async\" width=\"1024\" height=\"44\" src=\"https:\/\/joshin.eu\/word\/wp-content\/uploads\/2021\/04\/joshin-dojo-titre-2-1024x44.jpg\" alt=\"\" class=\"wp-image-3899\" srcset=\"https:\/\/joshin.eu\/word\/wp-content\/uploads\/2021\/04\/joshin-dojo-titre-2-1024x44.jpg 1024w, https:\/\/joshin.eu\/word\/wp-content\/uploads\/2021\/04\/joshin-dojo-titre-2-300x13.jpg 300w, https:\/\/joshin.eu\/word\/wp-content\/uploads\/2021\/04\/joshin-dojo-titre-2-768x33.jpg 768w, https:\/\/joshin.eu\/word\/wp-content\/uploads\/2021\/04\/joshin-dojo-titre-2-1536x66.jpg 1536w, https:\/\/joshin.eu\/word\/wp-content\/uploads\/2021\/04\/joshin-dojo-titre-2-2048x88.jpg 2048w\" sizes=\"(max-width: 1024px) 100vw, 1024px\" \/><\/figure>\n<\/div>\n\n<div class=\"wp-block-image\">\n<figure class=\"aligncenter size-large is-resized\"><img fetchpriority=\"high\" decoding=\"async\" width=\"300\" height=\"300\" src=\"https:\/\/joshin.eu\/word\/wp-content\/uploads\/2019\/12\/Hagakure.jpg\" alt=\"\" class=\"wp-image-2464\" style=\"width:100px;height:100px\" srcset=\"https:\/\/joshin.eu\/word\/wp-content\/uploads\/2019\/12\/Hagakure.jpg 300w, https:\/\/joshin.eu\/word\/wp-content\/uploads\/2019\/12\/Hagakure-150x150.jpg 150w\" sizes=\"(max-width: 300px) 100vw, 300px\" \/><\/figure>\n<\/div>\n\n<table style=\"border-collapse: collapse; width: 100%;\">\n<tbody>\n<tr>\n<td style=\"width: 99.9999%;\" colspan=\"3\">\n<p style=\"text-align: center;\"><span style=\"font-size: 20px;\"><span style=\"font-family: verdana, geneva, sans-serif;\">Pour le plaisir des histoires, J<span class=\"titrerouge\">\u014d<\/span>shin vous offre ces contes&#8230;<br \/><\/span><\/span><\/p>\n<p><img decoding=\"async\" class=\"aligncenter size-full wp-image-123\" src=\"https:\/\/joshin.eu\/word\/wp-content\/uploads\/2019\/04\/mon.gif\" alt=\"\" width=\"21\" height=\"20\" \/><\/p>\n<\/td>\n<\/tr>\n<tr>\n<td style=\"width: 27.0648%;\"><img loading=\"lazy\" decoding=\"async\" class=\"aligncenter size-full wp-image-318\" src=\"https:\/\/joshin.eu\/word\/wp-content\/uploads\/2019\/08\/guanyu.gif\" alt=\"\" width=\"161\" height=\"400\" \/><\/td>\n<td style=\"width: 47.1018%; text-align: center;\">\n<p style=\"text-align: left;\"><span style=\"font-size: 20px;\"><em><span style=\"font-family: verdana, geneva, sans-serif;\">Vaincre sans arme&#8230;<\/span><\/em><\/span><\/p>\n<p><span style=\"font-family: verdana, geneva, sans-serif;\">Le c\u00e9l\u00e8bre ma\u00eetre Tsukahara Bokuden traversait le lac Biwa sur un radeau avec d&rsquo;autres voyageurs.<\/span><br \/><span style=\"font-family: verdana, geneva, sans-serif;\">Parmi eux, il y avait un samoura\u00ef extr\u00eamement pr\u00e9tentieux qui n&rsquo;arr\u00eatait pas de vanter ses exploits et sa ma\u00eetrise au sabre.<\/span><br \/><span style=\"font-family: verdana, geneva, sans-serif;\">A l&rsquo;\u00e9couter, il \u00e9tait le champion toutes cat\u00e9gories de tout le japon, ce que les voyageurs semblaient croire au vu de leurs regards goguenards o\u00f9 se m\u00ealaient admiration et crainte.<\/span><br \/><span style=\"font-family: verdana, geneva, sans-serif;\">Le ma\u00eetre ne s&rsquo;en pr\u00e9occupa donc pas, ce qui finit par vexer le samoura\u00ef qui voyait bien l&rsquo;attention de Bokuden se concentrer ailleurs.<\/span><br \/><span style=\"font-family: verdana, geneva, sans-serif;\">Il lui dit : \u00ab\u00a0Toi, aussi tu portes une paire de sabres. Si tu es samoura\u00ef, pourquoi ne dis-tu pas un mot ?\u00a0\u00bb<\/span><br \/><span style=\"font-family: verdana, geneva, sans-serif;\">Bokuden r\u00e9pondit :\u00a0\u00bbJe ne suis pas concern\u00e9 par tes propos. Mon art est diff\u00e9rent du tien. Il consiste, non pas \u00e0 vaincre les autres, mais \u00e0 ne pas \u00eatre vaincu\u00a0\u00bb.<\/span><br \/><span style=\"font-family: verdana, geneva, sans-serif;\">Le samoura\u00ef se gratta le cr\u00e2ne de perplexit\u00e9 et demanda :<\/span><br \/><span style=\"font-family: verdana, geneva, sans-serif;\">\u00ab\u00a0Mais alors quelle est ton \u00e9cole ?\u00a0\u00bb<\/span><br \/><span style=\"font-family: verdana, geneva, sans-serif;\">\u00ab\u00a0C&rsquo;est l&rsquo;\u00e9cole du combat sans arme.\u00a0\u00bb<\/span><br \/><span style=\"font-family: verdana, geneva, sans-serif;\">\u00ab\u00a0Mais dans ce cas, pourquoi portes-tu des armes ?\u00a0\u00bb<\/span><br \/><span style=\"font-family: verdana, geneva, sans-serif;\">\u00ab\u00a0Cela me demande de rester ma\u00eetre de moi pour ne pas r\u00e9pondre aux provocations. C&rsquo;est un sacr\u00e9 d\u00e9fi !\u00a0\u00bb<\/span><br \/><span style=\"font-family: verdana, geneva, sans-serif;\">Exasp\u00e9r\u00e9, le samoura\u00ef demanda :<\/span><br \/><span style=\"font-family: verdana, geneva, sans-serif;\">\u00ab\u00a0Et tu penses vraiment pouvoir combattre avec moi, sans sabre ?\u00a0\u00bb<\/span><\/p>\n<p><span style=\"font-family: verdana, geneva, sans-serif;\">\u00ab\u00a0Pourquoi pas ? Il est m\u00eame possible que je gagne !\u00a0\u00bb<\/span><br \/><span style=\"font-family: verdana, geneva, sans-serif;\">Hors de lui, le samoura\u00ef cria au passeur de ramer vers le rivage le plus proche, mais Bokuden sugg\u00e9ra qu&rsquo;il serait pr\u00e9f\u00e9rable d&rsquo;aller sur une \u00eele, loin de toute habitation, pour ne pas provoquer d&rsquo;attroupement et \u00eatre plus tranquille.<\/span><br \/><span style=\"font-family: verdana, geneva, sans-serif;\">Le samoura\u00ef accepta.<\/span><br \/><span style=\"font-family: verdana, geneva, sans-serif;\"><span style=\"font-family: verdana, geneva, sans-serif;\">Quand le radeau atteignit une \u00eele inhabit\u00e9e, le samoura\u00ef, impatient d&rsquo;en d\u00e9coudre, sauta \u00e0 terre, il d\u00e9gainait d\u00e9j\u00e0 son sabre, pr\u00eat au combat. Bokuden enleva soigneusement ses deux sabres, les tendit au passeur et s&rsquo;\u00e9lan\u00e7a pour sauter \u00e0 terre, quand soudain, il saisit la perche du batelier, puis d\u00e9gagea rapidement le radeau de la berge pour le pousser dans le courant. <br \/><\/span><\/span><\/p>\n<p><img loading=\"lazy\" decoding=\"async\" class=\"aligncenter wp-image-3320\" src=\"https:\/\/joshin.eu\/word\/wp-content\/uploads\/2020\/11\/bokuden-boat.jpg\" alt=\"\" width=\"400\" height=\"289\" srcset=\"https:\/\/joshin.eu\/word\/wp-content\/uploads\/2020\/11\/bokuden-boat.jpg 350w, https:\/\/joshin.eu\/word\/wp-content\/uploads\/2020\/11\/bokuden-boat-300x217.jpg 300w\" sizes=\"(max-width: 400px) 100vw, 400px\" \/><\/p>\n<p><span style=\"font-family: verdana, geneva, sans-serif;\">Bokuden se retourna alors vers le samoura\u00ef qui gesticulait tout seul sur l&rsquo;\u00eele et il lui cria : \u00ab\u00a0tu vois, c&rsquo;est cela, vaincre sans arme !<\/span><\/p>\n<p><span class=\"text2\">\u00a0<\/span><\/p>\n<\/td>\n<td style=\"width: 25.8333%;\"><img loading=\"lazy\" decoding=\"async\" class=\"aligncenter wp-image-2293\" src=\"https:\/\/joshin.eu\/word\/wp-content\/uploads\/2019\/12\/loup.jpg\" alt=\"\" width=\"180\" height=\"279\" srcset=\"https:\/\/joshin.eu\/word\/wp-content\/uploads\/2019\/12\/loup.jpg 484w, https:\/\/joshin.eu\/word\/wp-content\/uploads\/2019\/12\/loup-194x300.jpg 194w\" sizes=\"(max-width: 180px) 100vw, 180px\" \/><\/td>\n<\/tr>\n<tr>\n<td style=\"width: 99.9999%;\" colspan=\"3\"><img loading=\"lazy\" decoding=\"async\" class=\"aligncenter size-full wp-image-2166\" src=\"https:\/\/joshin.eu\/word\/wp-content\/uploads\/2019\/11\/ligne.gif\" alt=\"\" width=\"800\" height=\"10\" \/><\/td>\n<\/tr>\n<tr>\n<td style=\"width: 27.0648%;\"><img loading=\"lazy\" decoding=\"async\" class=\"aligncenter wp-image-496\" src=\"https:\/\/joshin.eu\/word\/wp-content\/uploads\/2019\/09\/Samurai-and-two-Demons.jpg\" alt=\"\" width=\"180\" height=\"261\" srcset=\"https:\/\/joshin.eu\/word\/wp-content\/uploads\/2019\/09\/Samurai-and-two-Demons.jpg 349w, https:\/\/joshin.eu\/word\/wp-content\/uploads\/2019\/09\/Samurai-and-two-Demons-207x300.jpg 207w\" sizes=\"(max-width: 180px) 100vw, 180px\" \/><\/td>\n<td style=\"width: 47.1018%;\">\n<p style=\"text-align: left;\"><span style=\"font-size: 20px;\"><em><span style=\"font-family: verdana, geneva, sans-serif;\">Le Moine et le Samoura\u00ef&#8230;<\/span><\/em><\/span><\/p>\n<p style=\"text-align: center;\"><span style=\"font-family: verdana, geneva, sans-serif;\">Un jeune moine se rendait en ville, porteur d\u2019un pli important \u00e0 remettre en mains propres \u00e0 son destinataire.<\/span><br \/><span style=\"font-family: verdana, geneva, sans-serif;\">Il arrive aux abords de la ville et, pour y p\u00e9n\u00e9trer, doit traverser un pont. Sur ce pont se tenait un Samoura\u00ef expert dans l\u2019art du sabre et qui, pour prouver sa force et son invincibilit\u00e9, avait fait le voeu de provoquer en duel les 100 premiers hommes qui traverseraient ce pont.<\/span><br \/><span style=\"font-family: verdana, geneva, sans-serif;\">Il en avait d\u00e9j\u00e0 tu\u00e9 99. Le petit moine \u00e9tait le centi\u00e8me.<\/span><br \/><span style=\"font-family: verdana, geneva, sans-serif;\">Le Samoura\u00ef lui lan\u00e7a donc un d\u00e9fi. Le moine le supplia de le laisser passer car le pli qu\u2019il portait \u00e9tait d\u2019une grande importance.<\/span><br \/><span style=\"font-family: verdana, geneva, sans-serif;\">\u00ab\u00a0Je vous promets de revenir me battre avec vous une fois ma mission accomplie.\u00a0\u00bb<\/span><br \/><span style=\"font-family: verdana, geneva, sans-serif;\">Le Samoura\u00ef accepta, et le jeune moine alla porter sa lettre. <\/span><br \/><span style=\"font-family: verdana, geneva, sans-serif;\">Mais avant de retourner sur le pont, il se rendit chez son Ma\u00eetre pour lui faire ses adieux, certain qu\u2019il \u00e9tait perdu. <\/span><br \/><span style=\"font-family: verdana, geneva, sans-serif;\">\u00ab\u00a0Je dois aller me battre avec un grand Samoura\u00ef, lui dit-il, c\u2019est un champion de sabre et moi je n\u2019ai jamais touch\u00e9 une arme de ma vie. Je vais donc \u00eatre tu\u00e9&#8230;\u00a0\u00bb <\/span><br \/><span style=\"font-family: verdana, geneva, sans-serif;\">\u00ab\u00a0En effet, lui r\u00e9pondit son Ma\u00eetre, tu vas mourir car il n\u2019y a pour toi aucune chance de victoire, tu n\u2019as donc plus besoin d\u2019avoir peur de la mort. Mais je vais t\u2019enseigner la meilleure fa\u00e7on de mourir : tu brandiras ton sabre au dessus de ta t\u00eate, les yeux ferm\u00e9s, et tu attendras. Lorsque tu sentiras un froid sur le sommet de ton cr\u00e2ne, ce sera la mort. A ce moment seulement, tu abattras les bras. C\u2019est tout&#8230;\u00a0\u00bb <\/span><br \/><span style=\"font-family: verdana, geneva, sans-serif;\">Le petit moine salua son Ma\u00eetre et se dirigea vers le pont o\u00f9 l\u2019attendait le Samoura\u00ef.<\/span><br \/><span style=\"font-family: verdana, geneva, sans-serif;\">Ce dernier le remercia d\u2019avoir tenu parole et le pria de se mettre en garde. Le duel commen\u00e7a.<\/span><br \/><span style=\"font-family: verdana, geneva, sans-serif;\">Le moine fit ce que son Ma\u00eetre lui avait recommand\u00e9. Tenant son sabre \u00e0 deux mains, il le leva au dessus de sa t\u00eate et attendit sans bouger.<\/span><br \/><span style=\"font-family: verdana, geneva, sans-serif;\">Cette attitude surprit le Samoura\u00ef car la posture qu\u2019avait prise son adversaire ne refl\u00e9tait ni la peur ni la crainte. M\u00e9fiant, il avan\u00e7a prudemment. Impassible, le petit moine \u00e9tait concentr\u00e9 uniquement sur le sommet de son cr\u00e2ne. <\/span><br \/><span style=\"font-family: verdana, geneva, sans-serif;\">Le Samoura\u00ef se dit : \u00ab\u00a0Cet homme est s\u00fbrement tr\u00e8s fort, il a eu le courage de revenir se battre avec moi, ce n\u2019est certainement pas un amateur.<\/span><br \/><span style=\"font-family: verdana, geneva, sans-serif;\">\u00ab\u00a0Le moine toujours absorb\u00e9, ne pr\u00eatait aucune attention aux mouvements de va-et-vient de son adversaire.<\/span><br \/><span style=\"font-family: verdana, geneva, sans-serif;\">Ce dernier commen\u00e7a \u00e0 avoir peur : \u00ab\u00a0c\u2019est sans aucun doute un tr\u00e8s grand guerrier, pensa-t-il, seuls les ma\u00eetres de sabre prennent d\u00e8s le d\u00e9but d\u2019un combat une position d\u2019attaque. Et en plus, lui, il ferme les yeux.\u00a0\u00bb<\/span><br \/><span style=\"font-family: verdana, geneva, sans-serif;\">Et le jeune moine attendait toujours le moment o\u00f9 il ressentirait ce fameux froid au sommet de sa t\u00eate.<\/span><br \/><span style=\"font-family: verdana, geneva, sans-serif;\">Pendant ce temps le Samoura\u00ef \u00e9tait compl\u00e8tement d\u00e9sempar\u00e9, il n\u2019osait plus attaquer, certain au moindre geste de sa part d\u2019\u00eatre coup\u00e9 en deux. <\/span><br \/><span style=\"font-family: verdana, geneva, sans-serif;\">Le jeune moine avait compl\u00e8tement oubli\u00e9 le Samoura\u00ef, attentif \u00e0 bien appliquer les conseils de son Ma\u00eetre, \u00e0 mourir dignement.<\/span><\/p>\n<p><img loading=\"lazy\" decoding=\"async\" class=\"aligncenter wp-image-3321\" src=\"https:\/\/joshin.eu\/word\/wp-content\/uploads\/2020\/11\/2samurai_pont.jpg\" alt=\"\" width=\"400\" height=\"260\" srcset=\"https:\/\/joshin.eu\/word\/wp-content\/uploads\/2020\/11\/2samurai_pont.jpg 1348w, https:\/\/joshin.eu\/word\/wp-content\/uploads\/2020\/11\/2samurai_pont-300x195.jpg 300w, https:\/\/joshin.eu\/word\/wp-content\/uploads\/2020\/11\/2samurai_pont-1024x665.jpg 1024w, https:\/\/joshin.eu\/word\/wp-content\/uploads\/2020\/11\/2samurai_pont-768x499.jpg 768w\" sizes=\"(max-width: 400px) 100vw, 400px\" \/><\/p>\n<p style=\"text-align: center;\"><span style=\"font-family: verdana, geneva, sans-serif;\">Les cris et les pleurs du Samoura\u00ef le ramen\u00e8rent \u00e0 la r\u00e9alit\u00e9 : <\/span><br \/><span style=\"font-family: verdana, geneva, sans-serif;\">\u00ab\u00a0Ne me tuez pas, ayez piti\u00e9 de moi, je croyais \u00eatre le roi du sabre, mais je n\u2019avais jamais rencontr\u00e9 un Ma\u00eetre tel que vous. S\u2019il vous pla\u00eet, acceptez moi comme disciple, enseignez moi vraiment la Voie du sabre&#8230;\u00a0\u00bb<\/span><\/p>\n<\/td>\n<td style=\"width: 25.8333%;\" data-wp-editing=\"1\"><img loading=\"lazy\" decoding=\"async\" class=\"aligncenter  wp-image-500\" src=\"https:\/\/joshin.eu\/word\/wp-content\/uploads\/2019\/09\/two-birds-on-branch.jpg\" alt=\"\" width=\"173\" height=\"429\" \/><\/td>\n<\/tr>\n<tr>\n<td style=\"width: 99.9999%;\" colspan=\"3\">\n<p><img loading=\"lazy\" decoding=\"async\" class=\"aligncenter size-full wp-image-2166\" src=\"https:\/\/joshin.eu\/word\/wp-content\/uploads\/2019\/11\/ligne.gif\" alt=\"\" width=\"800\" height=\"10\" \/><\/p>\n<\/td>\n<\/tr>\n<tr>\n<td style=\"width: 27.0648%;\"><img loading=\"lazy\" decoding=\"async\" class=\"aligncenter  wp-image-488\" src=\"https:\/\/joshin.eu\/word\/wp-content\/uploads\/2019\/09\/jpg2668.jpg\" alt=\"\" width=\"169\" height=\"310\" \/><\/td>\n<td style=\"width: 47.1018%;\">\n<p><span style=\"font-size: 20px;\"><em><span style=\"font-family: verdana, geneva, sans-serif;\">Forge&#8230;<\/span><\/em><\/span><\/p>\n<p style=\"text-align: center;\"><span style=\"font-family: verdana, geneva, sans-serif;\">Masamune et Murasama \u00e9taient d&rsquo;habiles armuriers forgerons qui vivaient au d\u00e9but du XIV si\u00e8cle. Tous les deux forgeaient des sabres d&rsquo;une tr\u00e8s grande qualit\u00e9.<\/span><\/p>\n<p style=\"text-align: center;\"><span style=\"font-family: verdana, geneva, sans-serif;\">Murasama, au caract\u00e8re violent, \u00e9tait un personnage taciturne et inqui\u00e9tant. Il avait la sinistre r\u00e9putation de forger des lames redoutables qui poussaient leurs propri\u00e9taires \u00e0 de sanglants combats ou qui, parfois, blessaient son porteur. Ces armes eurent tr\u00e8s vite la r\u00e9putation d&rsquo;\u00eatre assoiff\u00e9es de sang et furent tenues pour mal\u00e9fiques. <\/span><br \/><span style=\"font-family: verdana, geneva, sans-serif;\">Par contre Masamune \u00e9tait un forgeron d&rsquo;une tr\u00e8s grande s\u00e9r\u00e9nit\u00e9 qui se livrait \u00e0 un rituel de purification syst\u00e9matiquement pour forger ses lames. Elles sont consid\u00e9r\u00e9es comme les meilleures du pays.<\/span><\/p>\n<p style=\"text-align: center;\"><span style=\"font-family: verdana, geneva, sans-serif;\">Un homme, qui voulait tester la diff\u00e9rence de qualit\u00e9 entre les modes de fabrication des deux armuriers, pla\u00e7a un sabre de Murasama dans un cours d&rsquo;eau. Chaque feuille d\u00e9rivant \u00e0 la surface, qui touchait la lame, fut coup\u00e9e en deux. <\/span><br \/><span style=\"font-family: verdana, geneva, sans-serif;\">Ensuite, un sabre fabriqu\u00e9 par Masamune fut plac\u00e9 dans le cours d&rsquo;eau.<\/span><br \/><span style=\"font-family: verdana, geneva, sans-serif;\">Les feuilles semblaient \u00e9viter la lame. Aucune d&rsquo;elles ne fut coup\u00e9e, elles glissaient toutes intactes, le long du tranchant comme si celui-ci voulait les \u00e9pargner.<\/span><\/p>\n<p style=\"text-align: center;\"><span style=\"font-family: verdana, geneva, sans-serif;\">L&rsquo;homme rendit son verdict : \u00ab\u00a0La Murasama est terrible, la Masamune est humaine!\u00a0\u00bb<\/span><\/p>\n<\/td>\n<td style=\"width: 25.8333%;\"><img loading=\"lazy\" decoding=\"async\" class=\"aligncenter wp-image-469\" src=\"https:\/\/joshin.eu\/word\/wp-content\/uploads\/2019\/09\/10_-_08_-_43_Web.jpg\" alt=\"\" width=\"180\" height=\"268\" srcset=\"https:\/\/joshin.eu\/word\/wp-content\/uploads\/2019\/09\/10_-_08_-_43_Web.jpg 277w, https:\/\/joshin.eu\/word\/wp-content\/uploads\/2019\/09\/10_-_08_-_43_Web-201x300.jpg 201w\" sizes=\"(max-width: 180px) 100vw, 180px\" \/><\/td>\n<\/tr>\n<tr>\n<td style=\"width: 99.9999%;\" colspan=\"3\">\n<p><img loading=\"lazy\" decoding=\"async\" class=\"aligncenter size-full wp-image-2166\" src=\"https:\/\/joshin.eu\/word\/wp-content\/uploads\/2019\/11\/ligne.gif\" alt=\"\" width=\"800\" height=\"10\" \/><\/p>\n<\/td>\n<\/tr>\n<tr>\n<td style=\"width: 27.0648%;\">\n<p><img loading=\"lazy\" decoding=\"async\" class=\"aligncenter wp-image-319\" src=\"https:\/\/joshin.eu\/word\/wp-content\/uploads\/2019\/08\/general2.gif\" alt=\"\" width=\"180\" height=\"526\" \/><\/p>\n<\/td>\n<td style=\"width: 47.1018%;\">\n<p><span style=\"font-size: 20px;\"><em><span style=\"font-family: verdana, geneva, sans-serif;\">La d\u00e9monstration&#8230;<\/span><\/em><\/span><\/p>\n<p style=\"text-align: center;\"><span style=\"font-family: verdana, geneva, sans-serif;\">Un r\u00f4nin rendit visite \u00e0 Matajuro Yagyu, illustre Ma\u00eetre de l&rsquo;art du sabre, avec la ferme intention de le d\u00e9fier pour v\u00e9rifier si sa r\u00e9putation n&rsquo;\u00e9tait pas surfaite. <\/span><br \/><span style=\"font-family: verdana, geneva, sans-serif;\">Le ma\u00eetre tenta d&rsquo;expliquer au r\u00f4nin que le motif de sa visite \u00e9tait stupide et qu&rsquo;il ne voyait aucune raison de relever le d\u00e9fi. Mais le visiteur, qui avait l&rsquo;air d&rsquo;\u00eatre un expert redoutable et avide de c\u00e9l\u00e9brit\u00e9, \u00e9tait d\u00e9cid\u00e9 d&rsquo;aller jusqu&rsquo;au bout.<\/span><br \/><span style=\"font-family: verdana, geneva, sans-serif;\">Afin de provoquer le Ma\u00eetre, il n&rsquo;h\u00e9sita pas \u00e0 le traiter de l\u00e2che. Matajuro Yagyu n&rsquo;en perdit pas pour autant son calme mais il fit signe au r\u00f4nin de le suivre dans son jardin.<\/span><br \/><span style=\"font-family: verdana, geneva, sans-serif;\">Il indiqua ensuite du doigt le sommet d&rsquo;un arbre. Etait-ce une ruse destin\u00e9e \u00e0 d\u00e9tourner l&rsquo;attention ?<\/span><br \/><span style=\"font-family: verdana, geneva, sans-serif;\">Le visiteur pla\u00e7a sa main sur la poign\u00e9e de son sabre, recula de quelques pas avant de jeter un coup d&rsquo;\u0153il dans la direction indiqu\u00e9e.<\/span><br \/><span style=\"font-family: verdana, geneva, sans-serif;\">Deux oiseaux se tenaient effectivement sur une branche. Et alors ?<\/span><br \/><span style=\"font-family: verdana, geneva, sans-serif;\">Sans cesser de les regarder, le ma\u00eetre Yagyu respira profond\u00e9ment jusqu&rsquo;\u00e0 ce qu&rsquo;il laisse jaillir un Kia\u00ef, un cri d&rsquo;une puissance formidable.<\/span><br \/><span style=\"font-family: verdana, geneva, sans-serif;\">Foudroy\u00e9s, les deux oiseaux tomb\u00e8rent au sol, inanim\u00e9s.<\/span><br \/><span style=\"font-family: verdana, geneva, sans-serif;\">\u00ab\u00a0Qu&rsquo;en pensez-vous ?\u00a0\u00bb Demanda Matajuro Yagyu \u00e0 son visiteur qui ouvrit de grands yeux. <\/span><br \/><span style=\"font-family: verdana, geneva, sans-serif;\">\u00ab\u00a0In\u2026 incroyable \u2026\u00a0\u00bb, balbutia le r\u00f4nin, visiblement \u00e9branl\u00e9 comme si le kia\u00ef l&rsquo;avait lui aussi transperc\u00e9.<br \/><\/span><span style=\"font-family: verdana, geneva, sans-serif;\"> \u00ab\u00a0Mais vous n&rsquo;avez pas vu encore le plus remarquable \u2026\u00a0\u00bb <\/span><br \/><span style=\"font-family: verdana, geneva, sans-serif;\">Le second kia\u00ef du ma\u00eetre retentit alors. <\/span><br \/><span style=\"font-family: verdana, geneva, sans-serif;\">Cette fois, les oiseaux battirent des ailes et s&rsquo;envol\u00e8rent. Le ronin aussi&#8230;<\/span><\/p>\n<\/td>\n<td style=\"width: 25.8333%;\"><img loading=\"lazy\" decoding=\"async\" class=\"aligncenter  wp-image-2292\" src=\"https:\/\/joshin.eu\/word\/wp-content\/uploads\/2019\/12\/longnose-goblin.jpg\" alt=\"\" width=\"194\" height=\"550\" \/><\/td>\n<\/tr>\n<tr>\n<td style=\"width: 99.9999%;\" colspan=\"3\"><img loading=\"lazy\" decoding=\"async\" class=\"aligncenter size-full wp-image-2166\" src=\"https:\/\/joshin.eu\/word\/wp-content\/uploads\/2019\/11\/ligne.gif\" alt=\"\" width=\"800\" height=\"10\" \/><\/td>\n<\/tr>\n<tr>\n<td style=\"width: 27.0648%;\"><img loading=\"lazy\" decoding=\"async\" class=\"aligncenter  wp-image-495\" src=\"https:\/\/joshin.eu\/word\/wp-content\/uploads\/2019\/09\/Samurai_tattoo_sword.jpg\" alt=\"\" width=\"186\" height=\"269\" \/><\/td>\n<td style=\"width: 47.1018%;\">\n<p><em><span style=\"font-family: verdana, geneva, sans-serif; font-size: 20px;\">Enfer et Paradis&#8230;<\/span><\/em><\/p>\n<p style=\"text-align: center;\"><span style=\"font-size: 16px; font-family: verdana, geneva, sans-serif;\">Un samoura\u00ef se pr\u00e9senta devant le ma\u00eetre Zen Hakuin et lui demanda :<br \/>\u00ab\u00a0Y a t-il r\u00e9ellement un paradis et un enfer .\u00a0\u00bb<br \/>\u00ab\u00a0Qui es tu ?\u00a0\u00bb demanda le ma\u00eetre<br \/>\u00ab\u00a0Je suis le samoura\u00ef \u2026\u00a0\u00bb<br \/>\u00ab\u00a0Toi, un guerrier ! s&rsquo;exclama Hakuin. Mais regarde-toi. Quel seigneur voudrait t&rsquo;avoir \u00e0 son service ? Tu as l&rsquo;air d&rsquo;un mendiant.\u00a0\u00bb<br \/>La col\u00e8re s&#8217;empara du samoura\u00ef. Il saisit son sabre et le d\u00e9gaina.<br \/>Hakuin poursuivit :<br \/>\u00ab\u00a0Ah bon, tu as m\u00eame un sabre !? Mais tu es s\u00fbrement trop maladroit pour me couper la t\u00eate.\u00a0\u00bb<br \/>Hors de lui, le samoura\u00ef leva son sabre, pr\u00eat \u00e0 frapper le ma\u00eetre. <br \/>A ce moment celui-ci dit :<br \/>\u00ab\u00a0Ici s&rsquo;ouvrent les portes de l&rsquo;enfer.\u00a0\u00bb<br \/>Surpris par la tranquille assurance du moine, le samoura\u00ef rengaina et s&rsquo;inclina.<br \/>\u00ab\u00a0Ici s&rsquo;ouvrent les portes du paradis.\u00a0\u00bb, lui dit alors le ma\u00eetre.<\/span><\/p>\n<\/td>\n<td style=\"width: 25.8333%;\">\n<p><img loading=\"lazy\" decoding=\"async\" class=\"aligncenter wp-image-45\" src=\"https:\/\/joshin.eu\/word\/wp-content\/uploads\/2019\/04\/samurai16p.jpg\" alt=\"\" width=\"181\" height=\"269\" srcset=\"https:\/\/joshin.eu\/word\/wp-content\/uploads\/2019\/04\/samurai16p.jpg 250w, https:\/\/joshin.eu\/word\/wp-content\/uploads\/2019\/04\/samurai16p-202x300.jpg 202w\" sizes=\"(max-width: 181px) 100vw, 181px\" \/><\/p>\n<\/td>\n<\/tr>\n<\/tbody>\n<\/table>\n\n<div class=\"wp-block-image\">\n<figure class=\"aligncenter size-large\"><img decoding=\"async\" src=\"https:\/\/joshin.eu\/word\/wp-content\/uploads\/2019\/08\/introf.gif\" alt=\"\" class=\"wp-image-332\"\/><\/figure>\n<\/div>\n\n<div class=\"wp-block-image is-style-rounded\">\n<figure class=\"aligncenter size-full\"><img loading=\"lazy\" decoding=\"async\" width=\"1010\" height=\"40\" src=\"https:\/\/joshin.eu\/word\/wp-content\/uploads\/2023\/06\/smr.jpg\" alt=\"\" class=\"wp-image-4766\" srcset=\"https:\/\/joshin.eu\/word\/wp-content\/uploads\/2023\/06\/smr.jpg 1010w, https:\/\/joshin.eu\/word\/wp-content\/uploads\/2023\/06\/smr-300x12.jpg 300w, https:\/\/joshin.eu\/word\/wp-content\/uploads\/2023\/06\/smr-768x30.jpg 768w\" sizes=\"(max-width: 1010px) 100vw, 1010px\" \/><\/figure>\n<\/div>","protected":false},"excerpt":{"rendered":"<p>Pour le plaisir des histoires, J\u014dshin vous offre ces contes&#8230; Vaincre sans arme&#8230; Le c\u00e9l\u00e8bre ma\u00eetre Tsukahara Bokuden traversait le lac Biwa sur un radeau avec d&rsquo;autres voyageurs.Parmi eux, il y avait un samoura\u00ef extr\u00eamement pr\u00e9tentieux qui n&rsquo;arr\u00eatait pas de vanter ses exploits et sa ma\u00eetrise au sabre.A l&rsquo;\u00e9couter, il \u00e9tait le champion toutes cat\u00e9gories [&hellip;]<\/p>\n","protected":false},"author":1,"featured_media":3765,"parent":0,"menu_order":0,"comment_status":"closed","ping_status":"closed","template":"","meta":{"_crdt_document":"","footnotes":""},"class_list":["post-3315","page","type-page","status-publish","has-post-thumbnail","hentry"],"_links":{"self":[{"href":"https:\/\/joshin.eu\/word\/index.php\/wp-json\/wp\/v2\/pages\/3315","targetHints":{"allow":["GET"]}}],"collection":[{"href":"https:\/\/joshin.eu\/word\/index.php\/wp-json\/wp\/v2\/pages"}],"about":[{"href":"https:\/\/joshin.eu\/word\/index.php\/wp-json\/wp\/v2\/types\/page"}],"author":[{"embeddable":true,"href":"https:\/\/joshin.eu\/word\/index.php\/wp-json\/wp\/v2\/users\/1"}],"replies":[{"embeddable":true,"href":"https:\/\/joshin.eu\/word\/index.php\/wp-json\/wp\/v2\/comments?post=3315"}],"version-history":[{"count":29,"href":"https:\/\/joshin.eu\/word\/index.php\/wp-json\/wp\/v2\/pages\/3315\/revisions"}],"predecessor-version":[{"id":5603,"href":"https:\/\/joshin.eu\/word\/index.php\/wp-json\/wp\/v2\/pages\/3315\/revisions\/5603"}],"wp:featuredmedia":[{"embeddable":true,"href":"https:\/\/joshin.eu\/word\/index.php\/wp-json\/wp\/v2\/media\/3765"}],"wp:attachment":[{"href":"https:\/\/joshin.eu\/word\/index.php\/wp-json\/wp\/v2\/media?parent=3315"}],"curies":[{"name":"wp","href":"https:\/\/api.w.org\/{rel}","templated":true}]}}